ommon divisor of 856 and 50830457.
107
Calculate the greatest common divisor of 52 and 92294696.
52
Calculate the greatest common divisor of 6336 and 70968.
24
What is the greatest common factor of 6 and 83557?
1
What is the highest common divisor of 31446 and 2503451?
1747
Calculate the greatest common divisor of 12653 and 23.
1
Calculate the greatest common factor of 15682795 and 1342.
61
Calculate the greatest common factor of 88 and 166731928.
88
What is the highest common divisor of 11846468 and 8?
4
What is the highest common divisor of 18503720 and 2280?
760
What is the highest common factor of 630 and 19911654?
126
What is the greatest common factor of 419029 and 13?
13
Calculate the greatest common factor of 10 and 277250890.
10
What is the greatest common factor of 461180 and 140?
20
What is the greatest common factor of 13950 and 11034?
18
Calculate the greatest common divisor of 14448 and 164579232.
2064
What is the highest common divisor of 3939833 and 2471?
353
What is the highest common divisor of 6111 and 6713273?
679
What is the greatest common divisor of 281335083 and 10107?
3369
What is the greatest common divisor of 52205010 and 2860?
1430
What is the greatest common divisor of 89508906 and 18?
18
Calculate the greatest common divisor of 893153890 and 10.
10
What is the highest common factor of 98898 and 18435147?
933
What is the highest common factor of 150946288 and 144?
16
What is the highest common factor of 427854 and 39522?
42
What is the greatest common factor of 4287385 and 2135?
305
What is the highest common divisor of 795 and 4519045?
265
Calculate the greatest common factor of 2202217 and 2693015.
3187
What is the highest common factor of 10 and 4377974390?
10
Calculate the greatest common divisor of 15950 and 5354096.
638
What is the highest common factor of 1884 and 15098533?
157
What is the highest common factor of 27074563 and 3999?
1333
What is the highest common divisor of 247749 and 175911?
921
What is the highest common factor of 78 and 171644772?
78
What is the highest common factor of 51030 and 146090?
70
Calculate the greatest common divisor of 81158410 and 10.
10
Calculate the greatest common divisor of 205 and 2684599845.
205
What is the highest common divisor of 61317 and 1773?
9
What is the highest common divisor of 2272 and 47497952?
32
What is the highest common divisor of 81890 and 222827?
431
What is the highest common divisor of 101352 and 615000?
984
Calculate the greatest common divisor of 9145458 and 11214.
126
What is the greatest common divisor of 7004 and 4186148?
68
Calculate the greatest common factor of 102425688 and 7992.
216
Calculate the greatest common divisor of 2982257 and 12879.
53
What is the highest common divisor of 84 and 40629596?
28
Calculate the highest common divisor of 303 and 6339568.
101
What is the highest common divisor of 612 and 17712657?
153
Calculate the highest common divisor of 4784 and 40870609.
299
Calculate the highest common factor of 61560447 and 273.
39
Calculate the greatest common divisor of 41489 and 430745.
7
Calculate the greatest common factor of 535316 and 629.
37
What is the greatest common factor of 118 and 57268?
2
Calculate the highest common factor of 114072902 and 1068.
178
What is the highest common divisor of 954 and 20378182?
106
What is the greatest common divisor of 6217263 and 1404?
351
Calculate the highest common factor of 357192 and 41382.
2178
Calculate the highest common factor of 410 and 251248.
82
Calculate the highest common factor of 284504 and 913.
11
Calculate the greatest common divisor of 3110 and 425759.
311
Calculate the highest common factor of 1708 and 1508297.
7
What is the highest common divisor of 6027 and 804?
3
What is the highest common factor of 81408 and 1275180?
636
Calculate the greatest common divisor of 10267648 and 21680.
4336
Calculate the greatest common divisor of 1348 and 29960311.
337
What is the greatest common divisor of 2431337 and 2276?
569
What is the greatest common factor of 669720 and 36280?
40
Calculate the highest common factor of 1608 and 2720334.
402
What is the highest common factor of 1040 and 638840?
40
What is the greatest common factor of 10521 and 140925789?
1503
Calculate the highest common factor of 13273 and 3188583.
1021
Calculate the greatest common divisor of 3400492 and 506680.
956
Calculate the highest common divisor of 306736061 and 571.
571
What is the highest common factor of 51 and 111294903?
51
Calculate the greatest common factor of 58758526 and 5529.
1843
What is the highest common divisor of 6849262 and 712?
178
What is the highest common divisor of 53511078 and 28992?
906
What is the highest common factor of 2533825 and 21?
7
Calculate the highest common divisor of 330 and 37005.
15
Calculate the greatest common factor of 8543885 and 68327.
301
Calculate the highest common divisor of 6356 and 26306.
14
What is the highest common divisor of 20460979 and 4089?
29
Calculate the highest common divisor of 6274680 and 4720.
40
Calculate the highest common divisor of 93145215 and 135.
15
What is the highest common divisor of 67164790 and 154?
154
What is the highest common factor of 96 and 753432?
24
What is the highest common divisor of 48345460 and 190?
10
Calculate the greatest common factor of 832143 and 234.
39
Calculate the highest common factor of 671 and 14643904.
671
Calculate the greatest common divisor of 8642685 and 690.
15
Calculate the greatest common divisor of 17 and 619891128.
17
What is the greatest common factor of 977130 and 342160?
3290
Calculate the highest common factor of 65 and 1054360.
5
Calculate the greatest common divisor of 66960 and 18445.
155
Calculate the highest common factor of 449109 and 2113074.
3231
Calculate the greatest common divisor of 1070 and 4838540.
1070
Calculate the highest common divisor of 23802764 and 62407.
3671
Calculate the highest common divisor of 213668520 and 21112.
3016
What is the greatest common factor of 90 and 2274066?
18
Calculate the greatest common factor of 161241 and 45582.
213
What is the highest common divisor of 140 and 367381910?
70
What is the greatest common factor of 74633253 and 45255?
1293
What is the highest common divisor of 95025182 and 42?
14
What is the highest common factor of 262384488 and 240?
24
What is the highest common divisor of 580 and 1098690?
10
What is the highest common factor of 113865 and 15420?
15
What is the highest common factor of 93703173 and 31?
31
Calculate the highest common divisor of 7900592 and 69.
23
Calculate the highest common divisor of 26696 and 48280.
568
What is the greatest common divisor of 35073 and 107244?
81
What is the highest common divisor of 7394339 and 713?
23
Calculate the greatest common factor of 378983 and 867900.
2893
What is the greatest common factor of 8845916 and 68?
68
Calculate the greatest common divisor of 6443958 and 33234.
1146
Calculate the greatest common divisor of 36606411 and 108756.
1431
What is the greatest common factor of 3424030710 and 21540?
10770
Calculate the greatest common factor of 9 and 29251161.
9
What is the highest common divisor of 24592 and 6708048?
464
What is the highest common factor of 132117 and 61?
1
Calculate the greatest common divisor of 630 and 12521460.
210
Calculate the greatest common divisor of 9153 and 1595619.
81
What is the highest common divisor of 306 and 2504712?
102
What is the greatest common divisor of 5076 and 9318?
6
What is the greatest common factor of 42 and 11695621?
7
Calculate the greatest common factor of 70772 and 417827.
1361
What is the highest common factor of 459190071 and 163?
163
What is the greatest common divisor of 6107798 and 2006?
118
What is the greatest common divisor of 9052 and 6180253?
2263
What is the greatest common divisor of 24424 and 145082?
86
Calculate the highest common factor of 1050 and 1956810.
30
Calculate the greatest common factor of 264838 and 3304.
14
What is the greatest common divisor of 174688523 and 415?
83
Calculate the highest common factor of 3456 and 19428672.
192
Calculate the greatest common divisor of 1173 and 12894927.
69
What is the greatest common factor of 636 and 7082708?
212
Calculate the greatest common factor of 19 and 373459